culate the remainder when 268 is divided by 138.
130
Calculate the remainder when 38 is divided by 16.
6
Calculate the remainder when 21 is divided by 4.
1
What is the remainder when 18822 is divided by 13?
11
What is the remainder when 1790 is divided by 52?
22
Calculate the remainder when 228 is divided by 74.
6
What is the remainder when 793 is divided by 101?
86
What is the remainder when 254 is divided by 64?
62
What is the remainder when 51 is divided by 36?
15
What is the remainder when 468 is divided by 40?
28
Calculate the remainder when 734 is divided by 18.
14
Calculate the remainder when 195 is divided by 11.
8
Calculate the remainder when 83 is divided by 17.
15
What is the remainder when 228 is divided by 203?
25
What is the remainder when 597 is divided by 50?
47
Calculate the remainder when 3918 is divided by 8.
6
Calculate the remainder when 197 is divided by 11.
10
What is the remainder when 433 is divided by 77?
48
What is the remainder when 1302 is divided by 87?
84
Calculate the remainder when 103 is divided by 16.
7
Calculate the remainder when 150 is divided by 17.
14
What is the remainder when 670 is divided by 168?
166
What is the remainder when 7573 is divided by 10?
3
What is the remainder when 1591 is divided by 145?
141
Calculate the remainder when 277 is divided by 27.
7
Calculate the remainder when 906 is divided by 294.
24
Calculate the remainder when 648 is divided by 13.
11
Calculate the remainder when 59 is divided by 15.
14
Calculate the remainder when 297 is divided by 18.
9
Calculate the remainder when 325 is divided by 165.
160
Calculate the remainder when 1009 is divided by 100.
9
Calculate the remainder when 269 is divided by 73.
50
Calculate the remainder when 264 is divided by 14.
12
What is the remainder when 874 is divided by 125?
124
What is the remainder when 319 is divided by 20?
19
What is the remainder when 184 is divided by 27?
22
Calculate the remainder when 330 is divided by 23.
8
Calculate the remainder when 1528 is divided by 80.
8
Calculate the remainder when 321 is divided by 55.
46
What is the remainder when 1012 is divided by 78?
76
What is the remainder when 100 is divided by 13?
9
What is the remainder when 257 is divided by 27?
14
Calculate the remainder when 724 is divided by 389.
335
What is the remainder when 574 is divided by 73?
63
What is the remainder when 9478 is divided by 20?
18
Calculate the remainder when 146 is divided by 64.
18
Calculate the remainder when 608 is divided by 3.
2
Calculate the remainder when 49 is divided by 10.
9
Calculate the remainder when 4449 is divided by 1482.
3
Calculate the remainder when 677 is divided by 68.
65
Calculate the remainder when 842 is divided by 808.
34
What is the remainder when 21531 is divided by 291?
288
Calculate the remainder when 129 is divided by 55.
19
Calculate the remainder when 332 is divided by 80.
12
Calculate the remainder when 832 is divided by 140.
132
What is the remainder when 2909 is divided by 718?
37
Calculate the remainder when 223 is divided by 58.
49
Calculate the remainder when 4084 is divided by 19.
18
Calculate the remainder when 125 is divided by 39.
8
Calculate the remainder when 2341 is divided by 112.
101
What is the remainder when 437 is divided by 178?
81
Calculate the remainder when 461 is divided by 160.
141
Calculate the remainder when 80 is divided by 50.
30
What is the remainder when 1886 is divided by 85?
16
Calculate the remainder when 5352 is divided by 17.
14
Calculate the remainder when 246 is divided by 43.
31
What is the remainder when 1484 is divided by 205?
49
Calculate the remainder when 933 is divided by 134.
129
Calculate the remainder when 117 is divided by 106.
11
Calculate the remainder when 623 is divided by 16.
15
Calculate the remainder when 558 is divided by 110.
8
Calculate the remainder when 309 is divided by 153.
3
Calculate the remainder when 110 is divided by 32.
14
What is the remainder when 8 is divided by 2?
0
Calculate the remainder when 979 is divided by 964.
15
Calculate the remainder when 1210 is divided by 101.
99
Calculate the remainder when 115 is divided by 6.
1
What is the remainder when 146 is divided by 89?
57
Calculate the remainder when 114 is divided by 74.
40
What is the remainder when 1385 is divided by 139?
134
Calculate the remainder when 1043 is divided by 55.
53
What is the remainder when 1340 is divided by 116?
64
What is the remainder when 89 is divided by 7?
5
What is the remainder when 72 is divided by 32?
8
What is the remainder when 392 is divided by 2?
0
Calculate the remainder when 171 is divided by 10.
1
Calculate the remainder when 34 is divided by 5.
4
Calculate the remainder when 3435 is divided by 164.
155
Calculate the remainder when 369 is divided by 45.
9
Calculate the remainder when 2722 is divided by 1358.
6
What is the remainder when 4612 is divided by 57?
52
Calculate the remainder when 42 is divided by 4.
2
What is the remainder when 914 is divided by 22?
12
What is the remainder when 414 is divided by 131?
21
What is the remainder when 2926 is divided by 101?
98
What is the remainder when 912 is divided by 9?
3
What is the remainder when 241 is divided by 56?
17
What is the remainder when 2146 is divided by 25?
21
Calculate the remainder when 280 is divided by 48.
40
Calculate the remainder when 546 is divided by 9.
6
Calculate the remainder when 341 is divided by 40.
21
What is the remainder when 34 is divided by 10?
4
Calculate the remainder when 312 is divided by 114.
84
Calculate the remainder when 615 is divided by 145.
35
What is the remainder when 73 is divided by 19?
16
Calculate the remainder when 163 is divided by 13.
7
Calculate the remainder when 41 is divided by 3.
2
What is the remainder when 486 is divided by 158?
12
What is the remainder when 119 is divided by 64?
55
What is the remainder when 587 is divided by 42?
41
Calculate the remainder when 1344 is divided by 169.
161
What is the remainder when 2597 is divided by 113?
111
What is the remainder when 705 is divided by 173?
13
Calculate the remainder when 117 is divided by 20.
17
Calculate the remainder when 246 is divided by 8.
6
Calculate the remainder when 368 is divided by 25.
18
Calculate the remainder when 363 is divided by 92.
87
What is the remainder when 136 is divided by 6?
4
Calculate the remainder when 84 is divided by 19.
8
What is the remainder when 1174 is divided by 4?
2
Calculate the remainder when 6325 is divided by 35.
25
What is the remainder when 1002 is divided by 34?
16
What is the remainder when 2022 is divided by 27?
24
What is the remainder when 12299 is divided by 246?
245
What is the remainder when 118 is divided by 35?
13
What is the remainder when 158 is divided by 28?
18
What is the remainder when 1567 is divided by 112?
111
Calculate the remainder when 558 is divided by 10.
8
Calculate the remainder when 16360 is divided by 9.
7
Calculate the remainder when 125 is divided by 43.
39
What is the remainder when 378 is divided by 38?
36
Calculate the remainder when 110 is divided by 51.
8
Calculate the remainder when 1113 is divided by 9.
6
What is the remainder when 125 is divided by 30?
5
Calculate the remainder when 159 is divided by 54.
51
What is the remainder when 348 is divided by 39?
36
Calculate the remainder when 321 is divided by 63.
6
What is the remainder when 9787 is divided by 55?
52
Calculate the remainder when 813 is divided by 172.
125
What is the remainder when 103 is divided by 27?
22
What is the remainder when 135 is divided by 17?
16
What is the remainder when 233 is divided by 222?
11
What is the remainder when 6225 is divided by 11?
10
Calculate the remainder when 98 is divided by 11.
10
What is the remainder when 53 is divided by 36?
17
What is the remainder when 35 is divided by 15?
5
What is the remainder when 1980 is divided by 113?
59
Calculate the remainder when 193 is divided by 48.
1
What is the remainder when 5968 is divided by 58?
52
What is the remainder when 1212 is divided by 61?
53
What is the remainder when 4 is divided by 4?
0
What is the remainder when 146 is divided by 5?
1
What is the remainder when 25 is divided by 13?
12
Calculate the remainder when 49605 is divided by 24.
21
Wha